.
39
Let a(i) = 9*i - 1. Calculate a(1).
8
Let c(p) = p**3 + 10*p**2 + 15*p + 49. Determine c(-9).
-5
Let t(i) = i - 6. Calculate t(16).
10
Let v(b) = 6*b + 2. Calculate v(-5).
-28
Let q(u) = -2*u**3 - 3*u**2 - 5*u - 9. Calculate q(-2).
5
Let w(x) = x + 20. What is w(6)?
26
Let r(c) = -c**3 + 7*c**2 - 4*c + 3. What is r(0)?
3
Let g(p) = -10*p + 134. Calculate g(13).
4
Let i(z) = 2*z - 8. Determine i(-9).
-26
Let b(r) = -r**3 - 6*r**2 + 27*r - 6. Give b(-9).
-6
Let f(u) = -2*u + 10. What is f(8)?
-6
Let o(s) = -s**2 + 2*s + 35. Determine o(7).
0
Let b(m) = m + 17. Give b(-15).
2
Let m(s) = s**2 - 35*s - 81. Calculate m(37).
-7
Let b(x) = x - 26. Determine b(17).
-9
Let a(t) = t**3 + 5*t**2 + 3*t - 8. What is a(-4)?
-4
Let k(s) = s**3 + 12*s**2 - 22*s - 39. Calculate k(-14).
-123
Let f(y) = -3*y + 31. What is f(8)?
7
Let f(b) = 13*b + 4. Calculate f(-3).
-35
Let h(k) = -3*k**2 - 18*k + 8. Determine h(-6).
8
Let y(h) = -9*h + 7. Calculate y(2).
-11
Let i(m) = 4*m - 2. Calculate i(2).
6
Let s(v) = v**3 - 31*v**2 + 82*v + 40. What is s(28)?
-16
Let i(q) = -q**2 - 18*q + 40. Give i(-20).
0
Let n(s) = -2*s**2 - 9*s + 4. Calculate n(-5).
-1
Let n(x) = -x**2 - 7*x + 15. Determine n(-9).
-3
Let o(h) = -h**2 - 15*h + 21. What is o(-17)?
-13
Let x(k) = -4*k - 6. Give x(-5).
14
Let h(t) = -2*t + 21. Calculate h(3).
15
Let d(m) = -m**3 - 8*m**2 + 6. Give d(-8).
6
Let n(c) = 6*c**2 - 2*c + 11. Determine n(2).
31
Let z(o) = 8*o + 178. Determine z(-22).
2
Let z(v) = -3*v**2 - 29*v + 20. Give z(-10).
10
Let o(m) = -2*m - 9. What is o(-4)?
-1
Let l(h) = -2*h**3 - 5*h**2 - 8*h - 31. Determine l(-4).
49
Let j(o) = o**2 + 7*o - 3. Give j(-7).
-3
Let m(j) = j**2 - 4*j - 9. Determine m(8).
23
Let v(h) = -5*h**3 + 36*h**2 - 5*h - 1. Give v(7).
13
Let m(p) = 2*p**3 - 15*p**2 + 15*p - 50. Calculate m(7).
6
Let b(w) = w**2 + 13*w - 75. What is b(-17)?
-7
Let s(n) = -n**3 - 11*n**2 - 28*n - 182. Calculate s(-10).
-2
Let l(t) = -37*t - 179. Give l(-5).
6
Let k(f) = 29*f**2. Determine k(1).
29
Let w(n) = 2*n + 17. Give w(-5).
7
Let q(m) = 79*m + 32. Calculate q(-2).
-126
Let f(u) = -u + 59. Calculate f(19).
40
Let y(v) = -v**2 + 2*v + 2. Determine y(4).
-6
Let t(f) = 2*f**3 + 19*f**2 - 9*f + 5. Give t(-10).
-5
Let o(d) = -7*d**2 - 3*d + 10. Calculate o(3).
-62
Let n(x) = x**2 + 6*x + 3. Give n(-8).
19
Let u(d) = 6*d - 14. Give u(4).
10
Let i(c) = 9*c + 68. Give i(-8).
-4
Let c(s) = 6*s - 3. Give c(1).
3
Let d(t) = -t + 7. Calculate d(-9).
16
Let t(y) = -y**2 + 36*y + 205. Give t(-5).
0
Let o(r) = 2*r. Calculate o(-2).
-4
Let l(y) = y**3 - 10*y**2 - 4*y + 18. Determine l(10).
-22
Let o(a) = a**3 + 15*a**2 - 16*a - 13. What is o(-16)?
-13
Let m(i) = i**3 - 2*i**2 - 11*i - 22. Determine m(5).
-2
Let o(i) = 3*i**2 - i + 2. Give o(2).
12
Let l(x) = -x**3 - 9*x**2 - 8*x + 1. What is l(-8)?
1
Let c(x) = 2*x**2 - 7*x + 1. What is c(5)?
16
Let u(d) = -d**3 + 8*d**2 + 10*d + 16. What is u(9)?
25
Let b(d) = -2*d - 5. What is b(-11)?
17
Let r(h) = 8*h - 59. Give r(9).
13
Let p(x) = x**3 - 2*x**2 - 29*x + 7. Calculate p(5).
-63
Let b(o) = 2*o + 14. What is b(5)?
24
Let k(t) = 2*t**3 + 3*t**2 - 24*t - 49. Calculate k(-2).
-5
Let l(r) = 3*r**2 - 4*r - 18. What is l(-2)?
2
Let v(s) = -3*s - 5. What is v(9)?
-32
Let z(m) = -2*m**2 + m - 3. What is z(3)?
-18
Let g(j) = -j**3 - 6*j**2 + 7*j - 1. Calculate g(-7).
-1
Let t(a) = a**2 + 32*a + 257. Calculate t(-15).
2
Let n(h) = 6*h**2 - 2*h - 1. Calculate n(4).
87
Let w(x) = -x**3 - 20*x**2 - 34*x - 19. Determine w(-18).
-55
Let m(k) = 2*k**2 + 36*k - 38. Determine m(-20).
42
Let y(f) = 9*f - 2. Determine y(4).
34
Let m(y) = y**3 - 5*y**2 + 6. Calculate m(6).
42
Let x(y) = 2*y + 19. Determine x(-12).
-5
Let s(p) = p + 23. Calculate s(-10).
13
Let p(v) = -v**2 + 8*v + 3. Give p(6).
15
Let f(m) = -14*m + 29. Give f(2).
1
Let h(v) = -4*v**3 + v**2 - 2. Give h(2).
-30
Let f(a) = -8*a + 62. Determine f(9).
-10
Let f(z) = z**3 - 9*z + 3. Determine f(4).
31
Let x(t) = -t - 1. Give x(3).
-4
Let p(m) = -85*m + 1. What is p(1)?
-84
Let g(a) = -3*a**2 - 29*a - 44. Calculate g(-8).
-4
Let s(m) = m**3 - 12*m**2 + 18*m + 14. Give s(10).
-6
Let j(u) = -u**3 + u + 29. What is j(0)?
29
Let n(t) = -4*t - 26. Give n(-6).
-2
Let p(g) = -g**2 - 7*g + 6. Determine p(-8).
-2
Let r(h) = 136*h**2 + 544*h + 8. Give r(-4).
8
Let t(n) = -n**3 + 6*n**2 - 2*n - 1. What is t(5)?
14
Let h(w) = 31*w - 8. Calculate h(2).
54
Let u(x) = x**3 + 16*x**2 + 38*x - 21. What is u(-13)?
-8
Let f(m) = -67*m**2 + m - 3. Give f(1).
-69
Let x(o) = -2*o**2 + 6*o + 28. Calculate x(-4).
-28
Let o(y) = -y**3 + 56*y**2 + 4*y - 211. Determine o(56).
13
Let s(v) = v - 1. Give s(7).
6
Let d(b) = -7*b + 39. Determine d(9).
-24
Let h(t) = 2*t - 7. What is h(6)?
5
Let i(n) = 6*n. Give i(1).
6
Let t(q) = -q**3 - 3*q**2 + 2*q - 3. Give t(-3).
-9
Let u(z) = z**3 + 7*z**2 + 9*z + 8. What is u(-6)?
-10
Let b(a) = -a**2 + 19*a + 17. Determine b(22).
-49
Let u(j) = 2*j**3 - 11*j**2 - 5*j - 8. Determine u(6).
-2
Let a(t) = -t**2 + 1. Calculate a(-3).
-8
Let p(z) = 2*z**3 + 9*z**2 - 2*z + 10. Calculate p(-5).
-5
Let n(v) = -2*v**2 + 16*v + 5. What is n(7)?
19
Let f(u) = -u**3 + 4*u**2 + 5*u + 5. What is f(6)?
-37
Let s(z) = z**2 - 28*z - 67. Determine s(30).
-7
Let o(p) = -81*p**3 - p**2 - 3*p - 2. What is o(-1)?
81
Let n(v) = v**2 - 11*v + 20. Give n(9).
2
Let b(l) = -l + 2. What is b(3)?
-1
Let m(o) = -26*o**2 - 3*o + 1. What is m(1)?
-28
Let h(k) = -6*k - 6. Give h(5).
-36
Let d(y) = -y**3 - 10*y**2 - 10*y - 91. Give d(-10).
9
Let x(f) = 2*f**3 - 6*f**2 + 2*f + 1. Calculate x(2).
-3
Let x(i) = i**3 + 27*i**2 - i - 37. What is x(-27)?
-10
Let b(o) = -3*o - 44. What is b(-16)?
4
Let j(r) = 12*r**2 - 5*r + 2. Determine j(-3).
125
Let s(d) = -385*d + 2701. Calculate s(7).
6
Let a(y) = -5*y**2 + y + 1. Determine a(-1).
-5
Let f(g) = -2*g**3 + 21*g**2 + 11*g - 4. Determine f(11).
-4
Let c(l) = -12*l + 3. Calculate c(-3).
39
Let n(q) = 11*q - 73. Calculate n(6).
-7
Let b(t) = t**3 + 22*t**2 + t + 44. Give b(-22).
22
Let a(i) = -2*i**2 - 17*i + 59. Give a(3).
-10
Let r(i) = -12*i + 56. Calculate r(5).
-4
Let k(j) = -2*j**2 - 155*j - 513. Determine k(-74).
5
Let h(o) = -o**2 - 22*o + 328. Determine h(10).
8
Let r(b) = -b**3 + 17*b**2 + 2*b - 16. Give r(17).
18
Let r(b) = b**3 + 31*b**2 + 23*b - 28. What is r(-30)?
182
Let p(j) = 2*j**2 + 3*j + 1. What is p(-2)?
3
Let l(i) = -9*i + 125. What is l(13)?
8
Let u(s) = -2*s + 9. Determine u(11).
-13
Let d(l) = l**3 + 2*l + 20. What is d(0)?
20
Let f(k) = k**2 - 7. Calculate f(-6).
29
Let j(t) = 2*t - 8. Give j(-7).
-22
Let n(w) = 3*w + 2. Give n(-2).
-4
Let m(q) = 6*q**2 + 9*q - 16. What is m(3)?
65
Let w(h) = -2*h**2 - 21*h + 11. Give w(-11).
0
Let y(u) = u**3 - 5*u**2 - 23*u - 17. Determine y(8).
-9
Let k(r) = -9*r**2 - 3*r + 3. Give k(1).
-9
Let b(v) = -3*v**2 + 25*v - 10. Determine b(8).
-2
Let l(v) = 4*v**2 + 2*v - 5. Give l(3).
37
Let r(b) = 2*b. What is r(-7)?
-14
Let v(x) = 14*x**2 - 14*x + 1. Give v(1).
1
Let n(b) = -2*b - 5. Determine n(-1).
-3
Let o(u) = -u**2 + u - 3. What is o(2)?
-5
Let x(c) = -59*c**3 + 7*c + 6. Calculate x(-1).
58
Let y(q) = 3*q**3 + q**2. Determine y(2).
28
Let d(f) = -f**2 + 16*f - 17. What is d(14)?
11
Let k(g) = -g**3 + 8*g**2 - g + 23. What is k(9)?
-67
Let q(o) = -o**3 - 8*o**2 - 9*o - 4. Determine q(-7).
10
Let d(f) = 2*f + 11. Give d(1).
13
Let n(o) = o**3 - 7*o**2 + o + 10. What is n(7)?
17
Let h(r) = 2*r**2 - 12*r - 17. What is h(7)?
-3
Let l(v) = -v**2 - 5*v + 18. Give l(2).
4
Let f(m) = -23*m + 98. Give f(5).
-17
Let y(f) = -f**3 + 3*f**2 + 4*f + 4. Determine y(4).
4
Let x(l) = -8*l**2 + 25*l - 46. What is x(2)?
-28
Let x(g) = g**2 + 4*g - 1. Give x(4).
31
Let z(k) = 33*k + 458. Determine z(-14).
-4
Let x(r) = r**3 - 3*r**2 - 11*r - 2. Give x(5).
-7
Let q(l) = -l**3 - 6*l**2 + 9*l - 6. Determine q(-8).
50
Let f(x) = 2*x**2 - 5*x - 4. Give f(3).
-1
Let x(q) = 48*q - 2. What is x(-3)?
-146
Let s(k) = 96*k - 382. Determine s(4).
2
Let h(m) = 2*m + 25. Give h(-6).
13
Let j(a) = -11*a - 2. Give j(-5).
53
Let o(q) = q**3 + 7*q**2 + 5*q - 9. Give o(-6).
-3
Let g(z) = 3*z**2 - 13*z + 17. Determine g(3).
5
Let z(k) = -k**2 - 14*k - 6. Calculate z(-12).
18
Let h(z) = 3*z**2 + 15*z - 5. Calculate h(-8).
67
Let d(n) = 4*n**3 + 3*n**2 +